e 15) to base 13.
ac05
57006 (base 8) to base 10
24070
What is 141141 (base 5) in base 16?
16a4
Convert -1011030 (base 4) to base 15.
-14a3
-102 (base 7) to base 6
-123
-1002323 (base 4) to base 7
-15326
What is 44001 (base 7) in base 16?
2ae1
Convert 84a (base 15) to base 5.
24440
What is 2002110 (base 3) in base 12?
a70
-149 (base 10) to base 11
-126
Convert 1614 (base 7) to base 15.
2d3
Convert -710b (base 13) to base 15.
-4924
-40645 (base 7) to base 4
-2123023
What is 251 (base 13) in base 4?
12110
What is -51565 (base 7) in base 15?
-3b2a
Convert 10141 (base 5) to base 9.
825
111111100101 (base 2) to base 16
fe5
Convert 10c (base 13) to base 8.
265
Convert 966 (base 14) to base 4.
130332
1037 (base 8) to base 16
21f
Convert -15059 (base 13) to base 12.
-1ab18
25144 (base 8) to base 6
122124
8117 (base 11) to base 6
121535
What is 101100100001 (base 2) in base 13?
13b2
What is 23546 (base 8) in base 10?
10086
Convert 7419 (base 10) to base 7.
30426
What is 3821 (base 12) in base 3?
22201121
111011100 (base 2) to base 3
122122
Convert 153606 (base 7) to base 9.
45310
What is -329 (base 12) in base 13?
-29a
Convert 4623 (base 7) to base 16.
693
-2202 (base 10) to base 15
-9bc
Convert -7741 (base 10) to base 4.
-1320331
Convert -1066 (base 7) to base 10.
-391
Convert -411 (base 8) to base 9.
-324
2142 (base 5) to base 6
1213
Convert 122110 (base 6) to base 10.
10842
What is -10504 (base 10) in base 15?
-31a4
What is -528 (base 11) in base 12?
-44b
What is 417 (base 9) in base 8?
524
What is 221121120 (base 3) in base 7?
105303
-350 (base 16) to base 10
-848
What is -1456 (base 10) in base 7?
-4150
992 (base 11) to base 6
5302
-2110212122 (base 3) to base 6
-1013412
Convert -edee (base 15) to base 10.
-50399
Convert 1651 (base 13) to base 2.
110011001101
What is -214234 (base 6) in base 3?
-220102111
-13323 (base 4) to base 15
-23c
Convert -b95 (base 12) to base 13.
-a07
Convert 1aa6 (base 16) to base 3.
100100200
Convert 2ab7 (base 14) to base 13.
3604
-6326 (base 7) to base 2
-100010110001
What is -332 (base 8) in base 7?
-431
What is -46 (base 12) in base 16?
-36
Convert 853 (base 11) to base 5.
13101
What is 534 (base 11) in base 16?
282
Convert -32a (base 13) to base 6.
-2303
What is -1010011011 (base 2) in base 8?
-1233
Convert 1020 (base 4) to base 3.
2200
-126031 (base 7) to base 16
-5c89
Convert -2832 (base 9) to base 4.
-201113
-200021122 (base 3) to base 14
-4c00
Convert -1011221 (base 3) to base 9.
-1157
105 (base 13) to base 9
213
Convert 26445 (base 7) to base 3.
100201120
Convert 5464 (base 9) to base 4.
332323
-110110 (base 3) to base 14
-1a0
Convert -a76d (base 15) to base 10.
-35428
-4333 (base 6) to base 4
-33201
Convert -554233 (base 6) to base 2.
-1011010011101101
What is -1032103 (base 4) in base 12?
-2a97
Convert -4784 (base 9) to base 5.
-103214
-134232 (base 6) to base 11
-9533
Convert 110000001110 (base 2) to base 15.
dab
10218 (base 10) to base 14
3a1c
-40324 (base 5) to base 4
-220131
1010111001011 (base 2) to base 9
7578
What is 4066 (base 7) in base 16?
58c
-5ad (base 15) to base 16
-508
-1395 (base 10) to base 15
-630
Convert 1a29 (base 12) to base 9.
4346
-104 (base 5) to base 3
-1002
Convert -24305 (base 7) to base 12.
-37b2
Convert 7 (base 13) to base 4.
13
-c8d (base 16) to base 15
-e43
What is -33450 (base 6) in base 5?
-122320
Convert -103 (base 11) to base 4.
-1330
26ac (base 14) to base 4
1222200
1186 (base 11) to base 8
3012
-110111110 (base 2) to base 16
-1be
-788 (base 16) to base 3
-2122102
What is -305 (base 6) in base 15?
-78
What is -11102 (base 4) in base 9?
-415
Convert -112332 (base 4) to base 16.
-5be
Convert 53163 (base 7) to base 14.
4ada
Convert -27213 (base 9) to base 10.
-18399
What is 140356 (base 8) in base 7?
263665
What is -1510 (base 9) in base 7?
-3222
What is -310002 (base 4) in base 10?
-3330
Convert -1454 (base 8) to base 7.
-2240
106606 (base 8) to base 13
1364c
What is 1d3 (base 16) in base 15?
212
Convert -7452 (base 8) to base 9.
-5283
Convert -3422 (base 8) to base 3.
-2111001
Convert fc5 (base 16) to base 3.
12112112
-23350 (base 7) to base 9
-8221
-177 (base 15) to base 11
-287
-1212100 (base 3) to base 8
-2517
-ac5 (base 14) to base 4
-201111
254 (base 14) to base 15
211
Convert a1 (base 16) to base 9.
188
What is 16028 (base 10) in base 2?
11111010011100
Convert 10c9 (base 16) to base 6.
31521
What is -10000000101 (base 2) in base 3?
-1102010
-d32 (base 16) to base 5
-102003
220 (base 14) to base 6
1540
What is 102014 (base 5) in base 6?
23400
What is 356 (base 7) in base 12?
138
Convert -652 (base 14) to base 8.
-2340
Convert -511 (base 8) to base 3.
-110012
Convert -6175 (base 15) to base 4.
-11001221
-2120 (base 8) to base 11
-914
19452 (base 10) to base 13
8b14
-5848 (base 10) to base 15
-1aed
Convert 655 (base 7) to base 3.
110101
What is -5315 (base 8) in base 11?
-2094
What is b22 (base 12) in base 7?
4460
Convert -7500 (base 9) to base 13.
-2679
What is -225 (base 15) in base 3?
-122222
-2355 (base 6) to base 12
-3bb
Convert -255 (base 11) to base 15.
-152
What is 1240120 (base 5) in base 16?
5f5a
What is -6b0 (base 15) in base 16?
-5eb
Convert -204 (base 6) to base 3.
-2211
1430 (base 7) to base 2
1000110000
Convert -393 (base 12) to base 14.
-2ab
Convert -1301322 (base 4) to base 6.
-53430
1101111010 (base 2) to base 12
622
Convert -223410 (base 5) to base 2.
-1111100101100
-4afb (base 16) to base 10
-19195
What is 6306 (base 9) in base 12?
2813
Convert -7a4 (base 14) to base 4.
-113230
a9 (base 15) to base 11
135
What is 20211010 (base 3) in base 8?
11553
Convert 26e7 (base 15) to base 2.
10000001111101
Convert -4b6 (base 12) to base 9.
-873
Convert 10413 (base 5) to base 12.
511
What is -411a (base 11) in base 6?
-41150
What is -542 (base 12) in base 11?
-640
Convert -312130 (base 4) to base 5.
-102414
What is 52266 (base 8) in base 7?
120140
What is 101011110 (base 3) in base 4?
1303302
What is -d69a (base 15) in base 11?
-310a6
What is -133 (base 4) in base 2?
-11111
Convert -111b (base 13) to base 5.
-34030
What is -604 (base 7) in base 12?
-20a
Convert 8a0 (base 15) to base 16.
79e
What is 15a (base 16) in base 5?
2341
-2062 (base 8) to base 13
-648
661 (base 9) to base 15
261
-32b5 (base 15) to base 3
-112201222
What is -22244 (base 6) in base 5?
-44444
-1110021121 (base 3) to base 6
-340324
-4104 (base 5) to base 15
-254
-204443 (base 6) to base 4
-10003023
-1e (base 15) to base 3
-1002
Convert 371 (base 8) to base 6.
1053
Convert -11011001001 (base 2) to base 5.
-23422
-10121211 (base 4) to base 9
-26643
What is 1024 (base 8) in base 5?
4112
What is -268 (base 12) in base 6?
-1412
Convert -18aa2 (base 11) to base 15.
-7d41
What is -341131 (base 5) in base 2?
-10111100001001
12b7 (base 12) to base 6
13551
What is -11388 (base 14) in base 13?
-16098
-1010000 (base 4) to base 16
-1100
-31223 (base 4) to base 7
-2360
Convert -15443 (base 7) to base 16.
-10f7
What is -2404221 (base 5) in base 8?
-126427
What is -12216 (base 8) in base 3?
-21012220
-11000011010 (base 2) to base 9
-2125
-9a8 (base 11) to base 2
-10010110111
What is 1272 (base 14) in base 4?
302210
Convert -12122102 (base 3) to base 16.
-1013
Convert -101130313 (base 4) to base 10.
-71479
2038 (base 11) to base 7
10611
What is 7146 (base 15) in base 13?
ab69
-1686 (base 12) to base 2
-101010000110
What is -323 (base 5) in base 13?
-6a
What is 1581 (base 13) in base 6?
22323
-4825 (base 14) to base 5
-400302
1023 (base 7) to base 6
1400
624 (base 12) to base 6
4044
-11544 (base 7) to base 11
-22a7
Convert 10100101 (base 4) to base 16.
4411
1513 (base 6) to base 2
110010101
What is 1205 (base 16) in base 10?
4613
-77 (base 16) to base 12
-9b
d9b (base 14) to base 12
1679
What is -3125 (base 10) in base 16?
-c35
Convert -1135 (base 7) to base 15.
-1cd
Convert 12173 (base 8) to base 2.
1010001111011
What is -10000212 (base 3) in base 13?
-1010
What is b7 (base 16) in base 9?
223
230201 (base 5) to base 16
1ff0
What is -4297 (base 10) in base 15?
-1417
What is 10023111 (base 4) in base 10?
17109
What is 125321 (base 8) in base 15?
ce54
What is -9764 (base 16) in base 15?
-b73b
What is 34a (base 13) in base 5?
4234
-24019 (base 12) to base 7
-261060
-2020111210 (base 3) to base 5
-2402422
Conve